composite?
True
Is 1263917 a composite number?
False
Is 152605633 composite?
False
Is 127959469 a composite number?
True
Is 99191 prime?
True
Is 463649239 a composite number?
False
Is 14105461 composite?
True
Is 2044673 a prime number?
True
Is 13181899 a prime number?
False
Is 2469022 a prime number?
False
Is 1656953 a prime number?
True
Is 46920673 a composite number?
True
Is 2459161 prime?
True
Is 31357553 a composite number?
True
Is 12419405 a prime number?
False
Is 7052159 composite?
True
Is 2976347 a composite number?
True
Is 4984367 composite?
True
Is 105469501 composite?
True
Is 19059611 composite?
True
Is 143952559 a prime number?
False
Is 393271057 prime?
False
Is 28346083 a composite number?
True
Is 83497 prime?
True
Is 131861 a composite number?
False
Is 31165577 composite?
False
Is 19937641 a prime number?
True
Is 72560545 a composite number?
True
Is 165414331 composite?
False
Is 54199897 a composite number?
False
Is 10546819 composite?
False
Is 12720839 composite?
False
Is 16044131 prime?
False
Is 976243 a composite number?
True
Is 46283737 prime?
False
Is 5948797 a composite number?
True
Is 102973589 prime?
True
Is 7955449 a prime number?
True
Is 41002597 prime?
True
Is 324055651 a prime number?
False
Is 6752617 a composite number?
False
Is 8375291 a prime number?
True
Is 193717 a prime number?
False
Is 4430887 prime?
True
Is 8084693 a prime number?
False
Is 9986479 a composite number?
False
Is 5074571 prime?
True
Is 8348077 composite?
False
Is 48045869 a prime number?
False
Is 421142035 a composite number?
True
Is 74426719 composite?
True
Is 36133 a composite number?
True
Is 1708112711 prime?
False
Is 40578067 a prime number?
True
Is 10728569 a composite number?
True
Is 34348147 composite?
True
Is 39310787 prime?
True
Is 53737471 a composite number?
False
Is 10051997 composite?
False
Is 22645697 a composite number?
True
Is 3307001 a composite number?
True
Is 98437789 prime?
True
Is 4988209 a composite number?
False
Is 83477 a prime number?
True
Is 9714893 composite?
True
Is 670376995 a composite number?
True
Is 70106395 a composite number?
True
Is 15709321 composite?
False
Is 174887093 prime?
True
Is 628253 a prime number?
False
Is 1425581 prime?
False
Is 267666235 prime?
False
Is 1384237 composite?
False
Is 22699739 composite?
False
Is 11403221 a prime number?
True
Is 1931099 a prime number?
False
Is 173374657 a prime number?
False
Is 44051781 a prime number?
False
Is 301418035 a prime number?
False
Is 176758303 prime?
False
Is 70176621 a composite number?
True
Is 6425551 a composite number?
True
Is 40703743 a composite number?
False
Is 3840271 a composite number?
False
Is 1189849 composite?
True
Is 31574173 a prime number?
True
Is 55356967 composite?
True
Is 1120645 composite?
True
Is 43611551 composite?
False
Is 59910535 composite?
True
Is 49066391 composite?
True
Is 3599047 composite?
False
Is 10375055 composite?
True
Is 7396453 a composite number?
True
Is 1637131 a prime number?
False
Is 38615471 composite?
False
Is 92692213 a prime number?
False
Is 351303 composite?
True
Is 16643729 composite?
False
Is 48883171 a prime number?
True
Is 9282631 a composite number?
False
Is 346177709 prime?
True
Is 9008323 composite?
True
Is 11506687 prime?
False
Is 2975279 prime?
True
Is 2123033 a prime number?
False
Is 14362741 prime?
False
Is 430380811 a prime number?
False
Is 566053399 composite?
False
Is 9371521 composite?
True
Is 465919 a prime number?
False
Is 5710997 a composite number?
True
Is 539921 a composite number?
False
Is 27304859 a prime number?
False
Is 4981427 a composite number?
True
Is 506419 a composite number?
True
Is 3268019 a prime number?
False
Is 110307151 composite?
True
Is 5667811 composite?
True
Is 3700243 a prime number?
False
Is 612977033 a composite number?
False
Is 1002193309 a prime number?
False
Is 5545333 prime?
False
Is 17686887 prime?
False
Is 3946933 prime?
True
Is 7844959 a prime number?
True
Is 4761763 a composite number?
False
Is 59907959 prime?
False
Is 30133357 a composite number?
False
Is 1551769 a prime number?
False
Is 58620373 a prime number?
False
Is 3681641 a composite number?
True
Is 90096581 a prime number?
True
Is 3444017 prime?
True
Is 2918687 a prime number?
False
Is 18447269 prime?
False
Is 368755 composite?
True
Is 44245819 a prime number?
True
Is 19745179 prime?
True
Is 2219251 prime?
True
Is 114069803 a prime number?
True
Is 7522231 a prime number?
True
Is 16884683 a composite number?
False
Is 1211477 prime?
True
Is 41855519 a prime number?
True
Is 4376881 a prime number?
True
Is 83074499 a composite number?
True
Is 165779 a composite number?
False
Is 979673 composite?
True
Is 4317509 a composite number?
True
Is 10626557 composite?
True
Is 445231483 prime?
True
Is 1766441 a prime number?
True
Is 151848847 a composite number?
True
Is 1149727 a prime number?
False
Is 18889421 a composite number?
True
Is 2268857 a composite number?
True
Is 774209 a composite number?
True
Is 16659053 a composite number?
True
Is 39743 a composite number?
True
Is 73571 prime?
True
Is 25496777 prime?
True
Is 20234189 a prime number?
True
Is 9428297 a composite number?
False
Is 20084443 a prime number?
False
Is 19702469 a composite number?
False
Is 4456541 a composite number?
False
Is 34654021 a prime number?
True
Is 19744121 a prime number?
True
Is 10664209 a composite number?
False
Is 52244239 a composite number?
False
Is 38332379 composite?
False
Is 20683541 composite?
True
Is 591341 prime?
True
Is 648547037 composite?
False
Is 1016731 a composite number?
False
Is 348548099 composite?
True
Is 10945835 a prime number?
False
Is 7693453 a composite number?
False
Is 11520581 prime?
True
Is 4032187 composite?
True
Is 12417637 a prime number?
True
Is 89651869 a composite number?
True
Is 181645249 a composite number?
True
Is 298147 a composite number?
True
Is 361826889 prime?
False
Is 8554547 prime?
True
Is 8305399 prime?
False
Is 117374073 a prime number?
False
Is 339700769 prime?
True
Is 52359409 a composite number?
False
Is 9200449 composite?
False
Is 5634919 a composite number?
False
Is 8217746 prime?
False
Is 11269898 a prime number?
False
Is 50303299 a prime number?
True
Is 354698779 a prime number?
False
Is 25323451 a composite number?
True
Is 5326955 a prime number?
False
Is 234375137 a composite number?
True
Is 7388417 prime?
False
Is 8629429 composite?
False
Is 430836709 prime?
False
Is 63953821 prime?
True
Is 28275061 a prime number?
True
Is 169003 a prime number?
True
Is 8027191 a composite number?
False
Is 29196319 a composite number?
True
Is 85671299 composite?
True
Is 73266283 prime?
True
Is 177563779 a composite number?
True
Is 3740993 a prime number?
True
Is 1687489 prime?
True
Is 110254315 composite?
True
Is 335044699 a prime number?
False
Is 305496439 a prime number?
False
Is 1718401 a prime number?
True
Is 29187407 a composite number?
False
Is 312284353 composite?
True
Is 21015983 composite?
True
Is 27103105 a prime number?
False
Is 169027 a composite number?
True
Is 4458599 a prime number?
True
Is 64307173 a prime number?
False
Is 2399833 a prime number?
False
Is 31727081 a composite number?
False
Is 717679 a prime number?
True
Is 3037263 a composite number?
True
Is 12753421 prime?
True
Is 3017909 prime?
False
Is 3984247 a prime number?
False
Is 439607 a composite number?
True
Is 69582211 a composite number?
False
Is 3415679 a composite number?
False
Is 5525531 a prime number?
False
Is 43054241 prime?
False
Is 37326847 a prime number?
True
Is 815467 a composite number?
True
Is 66319959 a composite number?
True
Is 858817 a composite number?
False
Is 98033617 a composite number?
True
Is 30782215 a prime number?
False
Is 24329569 prime?
False
Is 3203093 prime?
True
Is 2289863 a composite number?
False
Is 36953621 a prime number?
True
Is 16218491 composite?
False
Is 425419745 composite?
True
Is 84877099 a composite number?
False
Is 19277729 a composite number?
False
Is 2551057 prime?
True
Is 9659777 prime?
False
Is 40293809 prime?
True
Is 680828945 a prime number?
False
Is 3261113 composite?
False
Is 97726249 a prime number?
True
Is 7972427 composite?
True
Is 449531837 a composite number?
True
Is 4151765 composite?
True
Is 1823787785 prime?
False
Is 2715199 prime?
False
Is 4556131 prime?
Tr